- 6*j = 0. Suppose j*z = -3*z - 3*y + 234, 4*z + 5*y - 315 = 0. What is the units digit of z?
5
Let c(o) = o**2 - 50*o - 3. What is the tens digit of c(-15)?
7
Let t(n) be the third derivative of -n**7/1260 - n**6/90 + n**5/6 - 7*n**2. Let b(c) be the third derivative of t(c). What is the units digit of b(-5)?
2
Suppose -m - 9 = -2*d, 0 = 4*d - 20 + 4. What is the hundreds digit of (-124 + -9 + 4)*m?
1
Let x = 83 - 24. Suppose 0*f - x = -f. What is the tens digit of f?
5
Suppose 23 - 15 = -2*z. What is the tens digit of -13*(z - -2) + -1?
2
Suppose 3*v + 7 = -2, -5*q - 69 = 3*v. What is the tens digit of (q/10)/((-90)/16500)?
2
Suppose -3*z = -17*z + 2520. What is the tens digit of z?
8
Let x = -99 + 167. Suppose x = 4*c + 4. Let q = -15 + c. What is the units digit of q?
1
Let k be 0/(3*(-2)/(-6)). Suppose 2*y - 84 + 8 = k. Suppose -3*x + 59 = -5*i - 5, -i = -2*x + y. What is the units digit of x?
8
Suppose -2*o + 50 = 176. What is the units digit of ((-10)/(-3))/((-7)/o)?
0
Suppose -3*u - 8*r - 466 = -3*r, 830 = -5*u + 5*r. Let z = 250 + u. What is the units digit of z?
8
Suppose 0 = -186*m + 172*m + 21308. What is the units digit of m?
2
Suppose -5*y - 2173 = -b, -2*b + 2*y + 2188 = -b. What is the units digit of b?
8
Suppose -709*m - 3576 = -715*m. What is the hundreds digit of m?
5
Let s be 1136/56 + (-4)/14. Suppose 5*n = -0*n - s. Let i(m) = m**3 + 4*m**2 - 3*m - 5. What is the units digit of i(n)?
7
Let q = 614 - -63. What is the units digit of q?
7
Suppose -29*i + m = -30*i + 3764, 5*i = m + 18814. What is the hundreds digit of i?
7
Let z = 2897 - 1363. What is the units digit of z?
4
Let u(f) = 49*f - 169. What is the units digit of u(18)?
3
Suppose 0 = -4*f + 2*y + 1410, -3*y - 1077 = -3*f - 8*y. Let o = f + -195. What is the hundreds digit of o?
1
Let p(k) = 3*k**2 - 3*k. Let t be p(2). Suppose t*q = 3*q + 12. Suppose -3*z - 2*a - 11 = -107, 3*z + q*a = 90. What is the tens digit of z?
3
Let v(o) be the first derivative of -o**3/3 + 11*o**2/2 + 21*o + 29. What is the tens digit of v(10)?
3
Suppose 8*p + 6*p - 56 = 0. Suppose -p*g = -3*f - f - 848, 2*g + f - 418 = 0. What is the units digit of g?
0
Suppose -9308 = -4*p - p - 3*n, 3*n - 7444 = -4*p. What is the thousands digit of p?
1
Let d(z) = z**3 - 4*z**2 + 7*z - 25. What is the tens digit of d(9)?
4
Let z = -607 - -1157. What is the tens digit of z?
5
What is the hundreds digit of 6 - (6/39 + 83730/(-65))?
2
What is the hundreds digit of 2199 + (-5 - (-6 - -8 - 5))?
1
Let h be (-21)/(-28) + 2439/12. Suppose -f + 7*f = h. Suppose -f = -3*g - x, 0 = -2*x - 3 - 1. What is the tens digit of g?
1
Let f be (80/15)/(-4)*3/(-2). Suppose 3*r = -4*n + 1005, 5*r - f*r = -15. What is the units digit of n?
5
Suppose 10*m = 5*m. Suppose 0 = 4*i - m*i - 16. What is the units digit of i?
4
Let p = 18 - 17. Let g be (p + -4 + 2)*40. Let n = g - -99. What is the units digit of n?
9
What is the hundreds digit of (-1)/(-1 - ((-6020)/(-2005) + -4))?
4
Let n(g) = -19*g - 44. What is the tens digit of n(-10)?
4
Let q be (-6 - -5)/(0 - (-3)/354). What is the hundreds digit of q/4*(4 - 10)?
1
Let g = -272 + 485. What is the tens digit of g?
1
Let s(t) be the third derivative of t**4/6 - 4*t**3/3 - 7*t**2. Let d be s(6). Suppose -2*q + q = -d. What is the tens digit of q?
1
Let b(r) be the third derivative of -r**4/12 + 4*r**3/3 - 3*r**2. Let f be b(0). What is the units digit of (-6)/f*(-24)/1?
8
What is the hundreds digit of (448/(-35))/(-16) - 3456/(-5)?
6
Let h = 31 - 32. What is the tens digit of h/5 - 873/(-15)?
5
Let a = 511 - 268. Let g = a + -146. What is the tens digit of g?
9
Suppose p + 199 = -0*p. Let r = -86 - p. Suppose -5*c = 3*s - 81, 0 = 5*s + c - 0*c - r. What is the units digit of s?
2
Suppose v + 9*x = 11*x + 2060, -6196 = -3*v - 2*x. What is the units digit of v?
4
Let z(w) = -w**3 - 4*w**2 - 4*w + 1. Let t be z(-3). Let n = t - -8. What is the units digit of n?
2
Let a = -10 - -14. Suppose 3*o - 12 = -4*l + 5*l, -a*l = 2*o - 8. Suppose 4*t + o = 0, -c + t = 4*c - 96. What is the units digit of c?
9
Suppose -65*l + 68*l = 252. What is the units digit of l?
4
Suppose -4*w = -7*w - 30. Let u = 20 + w. Let d = 9 + u. What is the tens digit of d?
1
Suppose -2*h - 4*z + 2687 = -555, -z = 2*h - 3233. What is the tens digit of h?
1
Suppose 5*j + 15 + 20 = 0. What is the tens digit of 4/14 + (-782)/j?
1
Let x(t) = -t + 16. Suppose -6 = -c - 5. Let d be (10 - c - 2) + 1. What is the units digit of x(d)?
8
What is the hundreds digit of -1 + (5 - 9 - -5) + 1969?
9
Let f(o) = 118*o**3 - 6*o. What is the tens digit of f(2)?
3
Let w be (-3)/((-6)/8) - 1. Suppose -5*c - 2*k = -591, 5*c - 342 = 2*c + w*k. What is the tens digit of c?
1
Let v = -211 - -378. Suppose 2*r - 29 = -d + v, -d + 3*r = -186. What is the units digit of d?
2
Let u(d) = 0*d + 3*d + 13 - 3. What is the tens digit of u(6)?
2
Let k(r) = 2 + 2*r + 4 - 6*r + 2. What is the units digit of k(-4)?
4
Suppose -10 = -7*j + 2*j. What is the units digit of ((-1)/(-1) + 2)*j/3?
2
Let d(x) = 262*x**2 + 39*x + 130. What is the thousands digit of d(-3)?
2
What is the units digit of -2 + 0 + (-2)/(-2) + 2394?
3
Let u(i) = i**3 - 5*i**2 + 7. Suppose -3*b + 13 = -2. Let x be u(b). Let r = x - -19. What is the units digit of r?
6
Let t be ((-2)/3 - 2)/(8/(-12)). Suppose 2*g = 0, 40 = -c + t*g + 253. What is the units digit of c?
3
What is the thousands digit of (-1)/(2/(-3758)) + 17 + -15?
1
Suppose -159 = f + 2*b, -5*b + 49 - 694 = 4*f. Let t = 257 + f. What is the tens digit of t?
9
What is the tens digit of 204/(-68) + 187*1?
8
Suppose -v = -5, 4*t + 6*v - 188 = 2*v. What is the units digit of t?
2
Suppose 5260 = 5*o + 5*h, 3*h - 4208 = -4*o + 2*h. What is the hundreds digit of o?
0
Suppose 3*k + k - 12 = 0. Suppose 7*h - 8*h = -72. Suppose -k*z + 0*z + h = 0. What is the units digit of z?
4
Suppose -4137 = -383*m + 380*m. What is the thousands digit of m?
1
Let i(m) be the second derivative of -2*m - m**3 + 3*m**3 - m. What is the units digit of i(1)?
2
Suppose -4*t - 12 = -y, -5*y - 4*t = -0*y - 36. Suppose -7*b + 232 - 29 = 0. Suppose 4*p = y*p - f - 23, 4*p = 3*f + b. What is the units digit of p?
5
Let v be -10 - -7 - (-1 + 5). Let y(k) = -4*k**2 + k + 1. Let b(u) = u**2. Let w(r) = -3*b(r) - y(r). What is the tens digit of w(v)?
5
What is the hundreds digit of ((-143)/4 + -1)/((-45)/840)?
6
Let n be (9 - 6) + (-2)/1. Let d = n + 1. Suppose d*h = h + 39. What is the units digit of h?
9
Let i(g) = g**3 + 6*g**2 + 2*g + 5. Let x(f) = f**2 - 9*f - 4. Let o(s) = -4*s - 11. Let u be o(-5). Let m be x(u). What is the units digit of i(m)?
9
Let i(h) = 0 - 2*h**2 - 4*h + 2 + 3*h. Let a be i(3). Let r = -6 - a. What is the units digit of r?
3
Let n = 1189 - 136. What is the thousands digit of n?
1
Let p(k) = -k - 1. Let n be p(8). Let y(a) = -a**2 - 8*a + 13. Let m be y(n). Suppose m*s - w + 43 - 130 = 0, -4*w = 5*s - 114. What is the tens digit of s?
2
Let d(p) = -p**3 + 25*p**2 + 14*p - 2. What is the units digit of d(14)?
0
What is the hundreds digit of 826/(-4)*(-7344)/476?
1
Let f = 803 - 509. What is the units digit of f?
4
Suppose 3*k = -4*c - 1, -3*k + 5 = 5*c + 4. Let o(s) = -17*s + 4. Let a(j) = 17*j - 3. Let f(v) = 5*a(v) + 6*o(v). What is the tens digit of f(k)?
6
Let u = -1 - -2. What is the units digit of (-4)/22 + u + (-5376)/(-44)?
3
Let y be (-25)/(-50) + 3/2. Suppose 3*h + 4*g - 22 = y*h, 2*g = 4*h - 34. What is the units digit of h?
0
Let m be (-4)/4 + (6 - (3 + 0)). Let i = 4 - 1. Suppose 3*k - i*g = 45, m*g - 7*g = 5*k - 125. What is the tens digit of k?
2
Let f(p) = -p**2 - 5*p - 2. Let d be f(-3). Suppose -d*b = -2*b + 6. What is the tens digit of (-39)/((36/8)/b)?
2
Suppose s - 614 = -s. Let h = s - 173. What is the hundreds digit of h?
1
Suppose -2*o - g + 3779 + 796 = 0, -g - 6865 = -3*o. What is the units digit of o?
8
Let n(v) = -v**2 + 9*v - 7. Let d be n(8). Let a be (d/(-2))/((-5)/30). Suppose -2*b = -a*b + 28. What is the tens digit of b?
2
Let l(j) = 7*j**3 + 24*j**2 - 7*j + 21. Let n(i) = 13*i**3 + 46*i**2 - 13*i + 41. Let u(r) = 11*l(r) - 6*n(r). What is the units digit of u(-13)?
1
Suppose -19*k + 35 = -14*k. Suppose k*t - 36 = 4*t. What is the tens digit of t?
1
Let k(i) = -i**3 - 13*i**2 + 13*i - 13. Let v